
In base 8, what is 40253050 + 4?
40253054
In base 13, what is -5cb14 - 215?
-60029
In base 4, what is -203302322320223 - -2?
-203302322320221
In base 12, what is 4 - -58835b1a?
58835b22
In base 9, what is 55 + -464262?
-464206
In base 16, what is -3d22e85 + 1?
-3d22e84
In base 2, what is -1000 + -1110010101001101111011011?
-1110010101001101111100011
In base 8, what is -1313206 + -5?
-1313213
In base 7, what is -155520 - -1466?
-154021
In base 4, what is -122 + -2101303002?
-2101303130
In base 12, what is -55295 + -139?
-55412
In base 2, what is -11101011101 + -11101100100001?
-100001001111110
In base 10, what is 72024333 + 5?
72024338
In base 10, what is -6295 - 712?
-7007
In base 16, what is -6a9d - b?
-6aa8
In base 4, what is 0 + 223213321310?
223213321310
In base 13, what is 676 + cc99a?
100343
In base 5, what is 1213 + -23422240?
-23421022
In base 2, what is 1101101001 - -10111111101010011?
11000001010111100
In base 15, what is -1ba54c93 - -2?
-1ba54c91
In base 8, what is 76300 + 15571?
114071
In base 7, what is -2455 - 1565115?
-1600603
In base 14, what is 437516 - 83?
437473
In base 12, what is -8b7a14 - 2?
-8b7a16
In base 11, what is 6988795 - 81?
6988714
In base 4, what is 11230011 + 232?
11230303
In base 12, what is 31932 - 1b97?
2b957
In base 3, what is 1020010021121200 + -12?
1020010021121111
In base 2, what is 1000100 + 110101000000000001000?
110101000000001001100
In base 3, what is 1 - 12022220011122?
-12022220011121
In base 5, what is 302433113 - 31?
302433032
In base 13, what is 6631a44 + 3?
6631a47
In base 4, what is 2132 - -3022110020?
3022112212
In base 8, what is 126 - -227630?
227756
In base 6, what is -20 + 3251252?
3251232
In base 3, what is -1202021122022 + 10120?
-1202021111202
In base 6, what is 10 - -414025320?
414025330
In base 2, what is -11100110 + 10100101000011100?
10100100100110110
In base 11, what is 10 - 27447a?
-27446a
In base 14, what is 12b9 + -19?
12a0
In base 4, what is 12 - 3201033303?
-3201033231
In base 4, what is 1000201232 - -131?
1000202023
In base 13, what is -4ab0c41 - -2?
-4ab0c3c
In base 2, what is -10101110100000000001101100001 + 10?
-10101110100000000001101011111
In base 11, what is 275 - -11063?
11328
In base 3, what is 1000020 + -20111102021?
-20110102001
In base 6, what is 1 - 514231525?
-514231524
In base 13, what is -18c + 9a25?
9866
In base 6, what is 4500304422 - -4?
4500304430
In base 10, what is 28637 + -38?
28599
In base 3, what is 1 - -12101111011210?
12101111011211
In base 8, what is 33350 - -531?
34101
In base 10, what is -3892219 + -4?
-3892223
In base 10, what is 16 - 694970?
-694954
In base 4, what is 32 - -30313111302?
30313112000
In base 7, what is -1432 - -134616?
133154
In base 16, what is 10 - 5c2b5f?
-5c2b4f
In base 4, what is 331 - 32012313?
-32011322
In base 2, what is -11101111 + 101000000111110010?
101000000100000011
In base 6, what is -40 + -113240121?
-113240201
In base 10, what is 13 - 74123515?
-74123502
In base 15, what is 3 + -aa9d2a?
-aa9d27
In base 11, what is -a96012 - -17?
-a95aa6
In base 13, what is 49 - 117c81?
-117c35
In base 2, what is 1110011001 + 1000100100000011?
1000110010011100
In base 8, what is -5 + 11501577?
11501572
In base 10, what is -1 + 25449334?
25449333
In base 13, what is 145c9 + 824?
15120
In base 9, what is -17822313 + -6?
-17822320
In base 3, what is -111111201221 - 11200?
-111111220121
In base 14, what is 2d9 + 170b?
1a06
In base 6, what is 2 + 11010141155?
11010141201
In base 12, what is -6 - 3a53836?
-3a53840
In base 12, what is -1 + 4a6490?
4a648b
In base 13, what is -279448c + c?
-2794480
In base 4, what is -221021002011 - 2?
-221021002013
In base 15, what is 21 - -1758e5?
175916
In base 2, what is -11110000110000001001101 - 0?
-11110000110000001001101
In base 9, what is 1 + -263372056?
-263372055
In base 4, what is 1033021002 - -213113?
1033300121
In base 10, what is -1203 + 894?
-309
In base 9, what is 70462 - -4030?
74502
In base 3, what is 210120000 + -1122222120?
-212102120
In base 11, what is -14 + 74136a3?
741368a
In base 7, what is -206612 + -360?
-210302
In base 9, what is -1675004303 + -2?
-1675004305
In base 4, what is 1001332 + -1232311?
-230313
In base 10, what is -3448 + 1582?
-1866
In base 5, what is 14 + -20143003411?
-20143003342
In base 15, what is 446c07 - 2?
446c05
In base 7, what is -54 + 603361?
603304
In base 13, what is -a63c - -5125?
-5517
In base 8, what is 127705601 - -6?
127705607
In base 7, what is -60642122 + 4?
-60642115
In base 15, what is 3a332 + a?
3a33c
In base 4, what is 313213032 - -21111?
313300203
In base 16, what is 6953e - 128?
69416
In base 4, what is -2 - -231120320101?
231120320033
In base 16, what is 460a - 347?
42c3
In base 12, what is 15 + 2223687?
22236a0
In base 15, what is -76 + 102ec?
10276
In base 14, what is -6d301c - 1?
-6d301d
In base 5, what is -1244423 - -422204?
-322214
In base 10, what is -63476 + -12?
-63488
In base 4, what is -23232022302 - -22?
-23232022220
In base 7, what is 112024 + -3015?
106006
In base 2, what is 101 + -10110101000101001000000011?
-10110101000101000111111110
In base 3, what is -1101110021 - 1001122?
-1102111220
In base 14, what is -1169723d - 4?
-11697243
In base 9, what is 2172686 + 22?
2172718
In base 11, what is 315 - -625976?
626190
In base 5, what is 12214024 - 41?
12213433
In base 15, what is -1293d - 14?
-12952
In base 9, what is -30 + -1100512?
-1100542
In base 16, what is 101d - 4be93?
-4ae76
In base 11, what is -11 + -20a1305?
-20a1316
In base 10, what is -428211 + 2?
-428209
In base 5, what is -110421014 - -231?
-110420233
In base 13, what is 9a2519 - 3?
9a2516
In base 5, what is -430 + 4133202?
4132222
In base 15, what is 5 + 426408?
42640d
In base 4, what is -122330 - 30211?
-213201
In base 8, what is 2145 - -13155?
15322
In base 10, what is 4 + -3036066?
-3036062
In base 4, what is -3220 - 1331303311?
-1331313131
In base 5, what is -4 - -103010344113?
103010344104
In base 12, what is -1 - -2902622?
2902621
In base 13, what is 3 + -502967?
-502964
In base 12, what is -6a2 - 703bb?
-70aa1
In base 7, what is 122 - 2212214?
-2212062
In base 3, what is -110001212102 - -10001?
-110001202101
In base 4, what is -3 + 12102111023?
12102111020
In base 16, what is 47c - -b65?
fe1
In base 14, what is d4210 + 7?
d4217
In base 4, what is 1201211313121 + 211?
1201211313332
In base 4, what is -2331 - -13122333?
13120002
In base 11, what is -3a61120 - a6?
-3a61216
In base 11, what is 27513058 + -4?
27513054
In base 3, what is 120210122100211022 - 12?
120210122100211010
In base 14, what is -315763 + 16?
-31574b
In base 11, what is -1 + -18894424?
-18894425
In base 4, what is 1020112111321 - 21?
1020112111300
In base 3, what is 21001002211 + -11?
21001002200
In base 12, what is -23 - -4111?
40aa
In base 11, what is 2 + -2581634?
-2581632
In base 9, what is 446 - -158817?
160364
In base 4, what is -30212210 + 10003?
-30202201
In base 5, what is 43 - 14030103?
-14030010
In base 16, what is 9 + -4e86?
-4e7d
In base 11, what is 130 - -5407?
5537
In base 13, what is -35b + 3167?
2b09
In base 3, what is -202102120 + 2222121?
-122102222
In base 2, what is -10111010010 - 1011110101101?
-1110101111111
In base 14, what is b716 - b32?
a9c4
In base 6, what is 2 + -2152302554?
-2152302552
In base 12, what is -3 + -74131166?
-74131169
In base 2, what is 100101 - 10100011010011101001?
-10100011010011000100
In base 6, what is -4 + -322210253?
-322210301
In base 10, what is 3286597 + -25?
3286572
In base 2, what is -110111110100101 - -10101011001?
-110101001001100
In base 10, what is -24408416 + 5?
-24408411
In base 11, what is -5818 + 3524?
-22a4
In base 5, what is -21342 + -20013044?
-20034441
In base 10, what is -42 + 11649119?
11649077
In base 8, what is 724 - -140006?
140732
In base 8, what is -2020411 - 721?
-2021332
In base 6, what is -14055223525 - 1?
-14055223530
In base 3, what is 10 - 2220202021211?
-2220202021201
In base 8, what is 2013625 - 24?
2013601
In base 9, what is -6108381680 + 0?
-6108381680
In base 8, what is -1476243 + -32?
-1476275
In base 5, what is 1 - -2202031401?
2202031402
In base 6, what is 212 + -1111413432?
-1111413220
In base 6, what is -4234 + 305510?
301232
In base 7, what is -5 - -10663110133?
10663110125
In base 15, what is -b524